/1260 - u**6/144 - u**5/15 - u**2. Let t(p) be the third derivative of z(p). Is t(2) a composite number?
True
Let w(m) = -8 + 5 + 5 + 19*m. Let s be w(6). Let g = -63 + s. Is g a composite number?
False
Suppose 0 = 3*b + 3*u - 12, b + 4*u + 0 = 10. Suppose b*y = 6*y - 2248. Let f = -93 + y. Is f a composite number?
True
Let z = -277 - -2180. Is z a prime number?
False
Let g(i) = -1686*i + 115. Is g(-14) a prime number?
True
Suppose 190597 - 2635180 = -51*f. Is f composite?
False
Let h(r) = -100*r + 8. Let o be h(-3). Let v = o - -279. Is v composite?
False
Suppose -2*f + 15*v - 13*v = -5036, -4*f = 3*v - 10093. Is f a composite number?
False
Let y(s) = 56*s - 43. Let h be y(-12). Let n = h + 1586. Is n a composite number?
True
Let n(d) = -3*d**3 - 12*d**2 + 5*d + 17. Is n(-11) a prime number?
True
Suppose -n + 1 = 5*t - 12, 0 = 4*t + 3*n - 6. Suppose 3*h = m - 38, 0 = t*h - 5 - 10. Is m composite?
False
Let o(z) = 6*z - 5. Let t(u) = 5*u + 1. Let x be 3/18 + 5/6. Let y be t(x). Is o(y) a composite number?
False
Is 294 - (-8)/20*25/(-10) prime?
True
Is (-717390)/(-70) + (-8)/(-14) a prime number?
False
Let b = -75993 - -139052. Is b a prime number?
True
Let w = 229 + -125. Suppose w = 3*q + q. Is q composite?
True
Is ((-270445)/175)/(4/(-20)) composite?
False
Let g(y) = -1. Let j(c) = -c**2 + c + 780. Let q(k) = -g(k) + j(k). Is q(0) a prime number?
False
Suppose -3*u - 120502 = -2*f - 2*u, 0 = -2*u. Is f a composite number?
False
Let k(r) = -76*r + 3. Let i be k(-13). Is (3 - 2)*i + 2 prime?
False
Let q(u) = u**3 + 14*u**2 - 89*u - 5. Is q(23) prime?
False
Suppose 4*l - 3*r = 8, -5*l + 4 = -5*r - 6. Suppose 4*n + 0*n = l*u - 382, 0 = 2*u + 2*n - 382. Is u prime?
True
Let s(z) = 19*z**2 + 55*z + 7. Is s(-27) composite?
False
Suppose n + 669 = -2*n. Is 3 + (-6)/2 - n composite?
False
Let r be (-3)/((-1)/(30/9)). Let n be (-8)/14 + (-138)/(-21). Is (r/n)/(1/327) a composite number?
True
Suppose -2*b = 5*g - 50, -3*g + 5 = -5*b + 6. Let k = g + 101. Is k composite?
False
Let h = 460 - -31. Let b = 934 - h. Is b prime?
True
Is 4/(-14) + (12 - (-13185)/63) composite?
True
Suppose -11 + 1 = -2*s. Suppose 5*h - 13*h + 2792 = 0. Suppose 0 = -s*g + 4*a + h, 4*g - 250 - 27 = a. Is g prime?
False
Let x = -36 + 36. Suppose -5*i = 2*a - 576, x*a + 4*i = -5*a + 1457. Is a a composite number?
False
Suppose -5*u + 6*o + 199809 = 10*o, 0 = 6*o - 6. Is u prime?
False
Let a(j) = -12442*j**3 + j**2 - j - 1. Is a(-1) composite?
True
Is (3 + (-5 - -649))/1 composite?
False
Suppose 64048 - 2307 = x. Is x a composite number?
True
Suppose 5*t = 4*q - 2697, -4*t + 242 - 1592 = -2*q. Is q a composite number?
False
Suppose 31*o + 5693 = v + 27*o, 5707 = v + 3*o. Is v a composite number?
False
Suppose -2*m + m = 97. Suppose 0 = -2*b + 7*b + 2*j - 750, 0 = 5*b - j - 750. Let p = m + b. Is p a prime number?
True
Let w(n) = 7*n**2 - 14*n - 7. Let j(z) = 4*z**2 - 7*z - 4. Let o(b) = -5*j(b) + 3*w(b). Let c be o(7). Is c/(((-3)/159)/1) a prime number?
True
Suppose -5*s = -0*d + 2*d + 30, -5*d - 75 = 4*s. Let w = d + 92. Is w a composite number?
True
Suppose -4*v - 3*w - 15 = -73, -38 = -2*v + 3*w. Suppose -4*f + v = 2*a, 12 = -0*f + 3*f - a. Suppose -489 = -f*y + 227. Is y a composite number?
False
Let l = -7 + 33. Let h = -14 + l. Is -2*2/(h/(-879)) a composite number?
False
Suppose -o + 3*g = g + 20, o - 3*g + 25 = 0. Let i be -3*1*-1*19. Let x = i - o. Is x a prime number?
True
Let p = 10 - -16. Let c be (108/24)/(1/p). Suppose q + o - 200 = 0, -c = -5*q + 4*o + 910. Is q a prime number?
False
Let i = 1580 + -1042. Suppose -i = -9*b + 5555. Is b a prime number?
True
Suppose 8*y = 7*y + 2. Suppose 0 = -y*b - 0*b - 288. Let q = -75 - b. Is q a composite number?
True
Let l be (-167)/15 - (-60)/450. Is (((-44)/12)/l)/((-2)/(-13236)) prime?
False
Let f(p) be the third derivative of 697*p**4/24 + p**3 + 11*p**2. Is f(5) composite?
False
Let p(s) = 7*s**2 + 85*s + 33. Is p(37) a composite number?
True
Let q = 4946 - -3473. Is q a composite number?
False
Let j be -1*2 + 2 + 32. Suppose -1 = w - 44. Suppose 5*b - j = w. Is b prime?
False
Suppose z + 8 = 5*q, -q - 5*z + 6 = -3*q. Suppose 2980 = 4*u - 0*u - q*i, 0 = 3*u + 5*i - 2209. Is u composite?
False
Suppose 2*y = 7 - 1. Suppose -4*z + 2*f = y*f - 1236, -4*f = -3*z + 908. Suppose -5*n = -n - z. Is n a composite number?
True
Let d be ((-2 + 4)/1)/(-1). Let m(x) = -92*x**3 - 6*x**2 - x + 3. Is m(d) a prime number?
False
Suppose -15*g = 4*u - 13*g - 38114, -5*u = -g - 47632. Is u a prime number?
False
Suppose -5*n + n = 24. Is (-19380)/(-48) + n/8 a prime number?
False
Let k = 9882 + -3901. Is k a composite number?
False
Is (-1*1)/((-13)/(-342030)*-6) a composite number?
True
Suppose -4*v = 2*v - 4*v. Suppose v = -9*o + 12*o - 1329. Is o prime?
True
Let p = 2525 + -772. Is p prime?
True
Suppose -2*h + b + 16 = 0, 0 = -5*h + 4*b + 9 + 34. Is h/(((-6)/(-82))/3) a prime number?
False
Suppose -12*v + 70777 = -5*v. Is v a composite number?
False
Let y(w) = 2*w**2 - 11 - 2*w + w**3 + 0*w**2 + 5*w**2. Let d be y(-7). Is 3 - (-3)/(d/118) a composite number?
True
Suppose -35*y + 1073675 = -10*y. Is y a prime number?
False
Suppose -p + 3*f = 6, 0 = 3*p - 4*f + 3. Suppose -2*a = p*a + 1940. Is a/(-5) + (-21)/35 a prime number?
False
Let n(t) = 2 + 5*t - 3 + t + 4 + t**2. Suppose 0 = 14*o - 13*o - 10. Is n(o) a composite number?
False
Suppose y - 3*i = 1855, -24*y + 22*y = 4*i - 3730. Is y composite?
False
Let k(n) = -42*n**3 - 19*n**2 - 18*n + 6. Let c(z) = 21*z**3 + 10*z**2 + 9*z - 3. Let q(u) = 5*c(u) + 3*k(u). Is q(-4) prime?
False
Suppose -8*j + 15*j + 56 = 0. Is 3*(j/20 + (-6722)/(-30)) composite?
True
Let q = 2481 + 1706. Is q a composite number?
True
Let l(f) = f - 6. Let m be l(5). Let k be 1*(-12)/(-4) + m. Suppose 5*v - 2*v = k*z + 389, 2*v - 281 = -3*z. Is v a prime number?
False
Suppose -3*j + 28 = 2*j - 4*i, -j + 8 = -2*i. Let b(z) = -j*z - 7*z - 6 - 2*z. Is b(-9) a composite number?
True
Let v(s) = -s**3 + 4*s**2 + 3*s + 6. Let y be v(5). Is -5 + 49/14 + (-482)/y a prime number?
False
Suppose -6*n - 10 + 34 = 0. Let v(z) = 2*z**3 - 6*z**2 + 3*z - 1. Is v(n) composite?
False
Let v = -1057 + 2463. Is 10/(-6) - v/(-3) prime?
True
Suppose -15*c = -16*c - 2*p + 59555, -5*c - p = -297784. Is c a composite number?
False
Suppose -12*y + 8*y + 2412 = 0. Suppose 4*h = -4*n + 2424, 4*h - 3*h + 4*n - y = 0. Let i = h + -42. Is i a prime number?
False
Is 6/30 - 8/(-40)*74974 prime?
False
Is (-114399)/18*4/(-6) a prime number?
False
Let v(i) = 459*i**2 - 40*i - 30. Is v(-11) a prime number?
True
Let t(j) = -j**3 + 4*j**2 - 2*j + 6. Let o be t(4). Let a = o + 7. Suppose 15 = a*r - 0*r. Is r prime?
True
Let o = 19573 - 6132. Is o prime?
True
Let z = 9 + -1. Let h = z - 6. Suppose -3*d + 272 = -2*d - 5*v, -h*v + 978 = 4*d. Is d a composite number?
True
Let q = -1504 + 3137. Is q a composite number?
True
Suppose -2*x - 3 = 4*n + 1, -n = 3*x + 6. Let h = n + 4. Let z = 43 + h. Is z composite?
False
Let h(q) = 2*q**3 + q**2 - 28*q - 21. Let p(x) = -3*x**3 - 2*x**2 + 42*x + 32. Let r(k) = 7*h(k) + 5*p(k). Is r(-10) composite?
True
Let g = 13 + 21. Let p = 39 - g. Suppose -707 = -k - 3*c, p*k = 5*c + 1548 + 2067. Is k a composite number?
False
Let h(s) = s**3 + 11*s**2 + 11*s + 16. Let b be h(-10). Suppose -b*n = 7*n - 2743. Is n composite?
False
Let i(v) be the first derivative of -v**4/4 + 11*v**3/3 + 5*v**2/2 + 8*v - 13. Is i(7) prime?
True
Suppose 3021 = 2*z - 61. Is z a composite number?
True
Let l be (3/(-9))/((-2)/36). Suppose 0*m - l*m = -25266. Is m a prime number?
True
Let n(p) = 1598*p - 155. Is n(20) composite?
True
Suppose 37412 = -27*c + 175463. Is c composite?
False
Let f = 0 + 2. Let a = 238 + -173. Suppose a + 73 = f*z. Is z a prime number?
False
Let w = 3002 + -391. Is w a composite number?
True
Let x(c) = 83*c**2 - 2*c - 1. Let f be x(-1). Let g be 20/4 - (9 + -7). Let o = g + f. Is o prime?
False
Let z = -40 + 42. Is (z - -2775)/(3/3) composite?
False
Let a(p) = p**3 - 14*p**2 + 5*p - 30. Let h be a(15). Let c = h - -3883. Is c prime?
True
Let b = 576 + -946. Let m = -171 - b. Is m a prime number?
True
Let q = -10020 + 20189. Is q a composite number?
False
Let u(j) = 2*j**2 + 8*j - 3*j**2 - 2*j**3 - 51 + 57. Is u(-5) prime?
Tru